{"id":117,"date":"2016-11-06T18:36:27","date_gmt":"2016-11-06T18:36:27","guid":{"rendered":"http:\/\/avconsult-web.de\/?page_id=117"},"modified":"2016-11-06T18:36:27","modified_gmt":"2016-11-06T18:36:27","slug":"udk-berlin-beschallung-konzertsaal","status":"publish","type":"page","link":"https:\/\/avconsult-web.de\/?page_id=117","title":{"rendered":"UdK Berlin, Beschallung Konzertsaal"},"content":{"rendered":"<p><img decoding=\"async\" loading=\"lazy\" class=\"alignnone  wp-image-118\" src=\"http:\/\/avconsult-web.de\/wp-content\/uploads\/2016\/11\/UdK-KS-Fa-Beschallung-300x169.jpg\" alt=\"udk-ks-fa-beschallung\" width=\"536\" height=\"302\" srcset=\"https:\/\/avconsult-web.de\/wp-content\/uploads\/2016\/11\/UdK-KS-Fa-Beschallung-300x169.jpg 300w, https:\/\/avconsult-web.de\/wp-content\/uploads\/2016\/11\/UdK-KS-Fa-Beschallung-768x432.jpg 768w, https:\/\/avconsult-web.de\/wp-content\/uploads\/2016\/11\/UdK-KS-Fa-Beschallung-1024x577.jpg 1024w\" sizes=\"(max-width: 536px) 100vw, 536px\" \/><\/p>\n<p>Die Universit\u00e4t der K\u00fcnste Berlin (UdK) hatte im Rahmen der Sanierung des Konzertsaals Hardenbergstra\u00dfe eine neue Beschallungsanlage bekommen. Die klanglichen Ergebnisse waren nicht optimal.<\/p>\n<p>AV consult hat ein Konzept erstellt, um unter Vewendung der bestehenden Lautsprecher deutlich bessere klangliche Ergebnisse zu erreichen. Die vorgeschlagenen Ma\u00dfnahmen wurden vom Haus in eigener Regie realisiert.<\/p>\n","protected":false},"excerpt":{"rendered":"<p>Die Universit\u00e4t der K\u00fcnste Berlin (UdK) hatte im Rahmen der Sanierung des Konzertsaals Hardenbergstra\u00dfe eine neue Beschallungsanlage bekommen. Die klanglichen Ergebnisse waren nicht optimal. AV consult hat ein Konzept erstellt, um unter Vewendung der bestehenden Lautsprecher deutlich bessere klangliche Ergebnisse zu erreichen. Die vorgeschlagenen Ma\u00dfnahmen wurden vom Haus in eigener Regie realisiert.<\/p>\n","protected":false},"author":1,"featured_media":0,"parent":0,"menu_order":0,"comment_status":"closed","ping_status":"closed","template":"","meta":[],"_links":{"self":[{"href":"https:\/\/avconsult-web.de\/index.php?rest_route=\/wp\/v2\/pages\/117"}],"collection":[{"href":"https:\/\/avconsult-web.de\/index.php?rest_route=\/wp\/v2\/pages"}],"about":[{"href":"https:\/\/avconsult-web.de\/index.php?rest_route=\/wp\/v2\/types\/page"}],"author":[{"embeddable":true,"href":"https:\/\/avconsult-web.de\/index.php?rest_route=\/wp\/v2\/users\/1"}],"replies":[{"embeddable":true,"href":"https:\/\/avconsult-web.de\/index.php?rest_route=%2Fwp%2Fv2%2Fcomments&post=117"}],"version-history":[{"count":1,"href":"https:\/\/avconsult-web.de\/index.php?rest_route=\/wp\/v2\/pages\/117\/revisions"}],"predecessor-version":[{"id":119,"href":"https:\/\/avconsult-web.de\/index.php?rest_route=\/wp\/v2\/pages\/117\/revisions\/119"}],"wp:attachment":[{"href":"https:\/\/avconsult-web.de\/index.php?rest_route=%2Fwp%2Fv2%2Fmedia&parent=117"}],"curies":[{"name":"wp","href":"https:\/\/api.w.org\/{rel}","templated":true}]}}