{"id":120,"date":"2016-11-06T18:42:21","date_gmt":"2016-11-06T18:42:21","guid":{"rendered":"http:\/\/avconsult-web.de\/?page_id=120"},"modified":"2016-11-06T18:42:21","modified_gmt":"2016-11-06T18:42:21","slug":"udk-berlin-drahtlos-mikrophonanlage","status":"publish","type":"page","link":"https:\/\/avconsult-web.de\/?page_id=120","title":{"rendered":"UdK Berlin, Drahtlos-Mikrophonanlage"},"content":{"rendered":"<figure id=\"attachment_121\" aria-describedby=\"caption-attachment-121\" style=\"width: 384px\" class=\"wp-caption alignnone\"><img decoding=\"async\" loading=\"lazy\" class=\" wp-image-121\" src=\"http:\/\/avconsult-web.de\/wp-content\/uploads\/2016\/11\/UdK-Bundesallee-300x225.jpg\" alt=\"Exif_JPEG_PICTURE\" width=\"384\" height=\"288\" srcset=\"https:\/\/avconsult-web.de\/wp-content\/uploads\/2016\/11\/UdK-Bundesallee-300x225.jpg 300w, https:\/\/avconsult-web.de\/wp-content\/uploads\/2016\/11\/UdK-Bundesallee-768x576.jpg 768w, https:\/\/avconsult-web.de\/wp-content\/uploads\/2016\/11\/UdK-Bundesallee-1024x768.jpg 1024w\" sizes=\"(max-width: 384px) 100vw, 384px\" \/><figcaption id=\"caption-attachment-121\" class=\"wp-caption-text\">Konzertsaal Bundesallee<\/figcaption><\/figure>\n<p>Die Universit\u00e4t der K\u00fcnste Berlin (UdK) hat 2014 neue Drahtlos-Mikrophontechnik f\u00fcr die verschiedenen Standorte beschafft.<\/p>\n<p>Es wurde eine Anlage gesucht, die hervorragende Audioqalit\u00e4t, unkomplizierte Betriebstechnik sowie Modularit\u00e4t und Kompatibilit\u00e4t bietet. Dar\u00fcber hinaus war auch eine digitale Anbindung an vernetzte Audiosyteme gefordert.<\/p>\n<p>Leistungsphasen: Planung, Ausschreibung, Vergabe, Bau\u00fcberwachung<\/p>\n","protected":false},"excerpt":{"rendered":"<p>Die Universit\u00e4t der K\u00fcnste Berlin (UdK) hat 2014 neue Drahtlos-Mikrophontechnik f\u00fcr die verschiedenen Standorte beschafft. Es wurde eine Anlage gesucht, die hervorragende Audioqalit\u00e4t, unkomplizierte Betriebstechnik sowie Modularit\u00e4t und Kompatibilit\u00e4t bietet. Dar\u00fcber hinaus war auch eine digitale Anbindung an vernetzte Audiosyteme gefordert. Leistungsphasen: Planung, Ausschreibung, Vergabe, Bau\u00fcberwachung<\/p>\n","protected":false},"author":1,"featured_media":0,"parent":0,"menu_order":0,"comment_status":"closed","ping_status":"closed","template":"","meta":[],"_links":{"self":[{"href":"https:\/\/avconsult-web.de\/index.php?rest_route=\/wp\/v2\/pages\/120"}],"collection":[{"href":"https:\/\/avconsult-web.de\/index.php?rest_route=\/wp\/v2\/pages"}],"about":[{"href":"https:\/\/avconsult-web.de\/index.php?rest_route=\/wp\/v2\/types\/page"}],"author":[{"embeddable":true,"href":"https:\/\/avconsult-web.de\/index.php?rest_route=\/wp\/v2\/users\/1"}],"replies":[{"embeddable":true,"href":"https:\/\/avconsult-web.de\/index.php?rest_route=%2Fwp%2Fv2%2Fcomments&post=120"}],"version-history":[{"count":1,"href":"https:\/\/avconsult-web.de\/index.php?rest_route=\/wp\/v2\/pages\/120\/revisions"}],"predecessor-version":[{"id":122,"href":"https:\/\/avconsult-web.de\/index.php?rest_route=\/wp\/v2\/pages\/120\/revisions\/122"}],"wp:attachment":[{"href":"https:\/\/avconsult-web.de\/index.php?rest_route=%2Fwp%2Fv2%2Fmedia&parent=120"}],"curies":[{"name":"wp","href":"https:\/\/api.w.org\/{rel}","templated":true}]}}