{"id":123,"date":"2016-11-06T18:47:36","date_gmt":"2016-11-06T18:47:36","guid":{"rendered":"http:\/\/avconsult-web.de\/?page_id=123"},"modified":"2016-11-06T18:47:36","modified_gmt":"2016-11-06T18:47:36","slug":"staatstheater-wiesbaden-erneuerung-tonregien","status":"publish","type":"page","link":"https:\/\/avconsult-web.de\/?page_id=123","title":{"rendered":"Staatstheater Wiesbaden, Erneuerung Tonregien"},"content":{"rendered":"<p><img decoding=\"async\" loading=\"lazy\" class=\"alignnone  wp-image-62\" src=\"http:\/\/avconsult-web.de\/wp-content\/uploads\/2016\/11\/WI-STW-aussen-300x169.jpg\" alt=\"wi-stw-aussen\" width=\"549\" height=\"309\" srcset=\"https:\/\/avconsult-web.de\/wp-content\/uploads\/2016\/11\/WI-STW-aussen-300x169.jpg 300w, https:\/\/avconsult-web.de\/wp-content\/uploads\/2016\/11\/WI-STW-aussen-768x432.jpg 768w, https:\/\/avconsult-web.de\/wp-content\/uploads\/2016\/11\/WI-STW-aussen-1024x577.jpg 1024w\" sizes=\"(max-width: 549px) 100vw, 549px\" \/><\/p>\n<p>Im Staatstheater Wiesbaden wurden 2016 die drei Tonregien im Gr. Haus, Kl. Haus und der Studiob\u00fchne erneuert.<\/p>\n<p>Als besondere Herausforderung bestand die Vorgabe, die Ma\u00dfnahmen in der spielfreien Zeit durchzuf\u00fchren. Das Konzept der miteinander verbundenen, aber in sich autarken Tonregien wurde beibehalten und durch Einsatz eines \u00fcbergreifenden Dante-Audionetzwerks auf eine aktuelle technologische Basis gebracht.<\/p>\n<p>Leistungsphasen: Planung, Ausschreibung, Vergabe<\/p>\n","protected":false},"excerpt":{"rendered":"<p>Im Staatstheater Wiesbaden wurden 2016 die drei Tonregien im Gr. Haus, Kl. Haus und der Studiob\u00fchne erneuert. Als besondere Herausforderung bestand die Vorgabe, die Ma\u00dfnahmen in der spielfreien Zeit durchzuf\u00fchren. Das Konzept der miteinander verbundenen, aber in sich autarken Tonregien wurde beibehalten und durch Einsatz eines \u00fcbergreifenden Dante-Audionetzwerks auf eine aktuelle technologische Basis gebracht. Leistungsphasen: &hellip; <a href=\"https:\/\/avconsult-web.de\/?page_id=123\" class=\"more-link\"><span class=\"screen-reader-text\">Staatstheater Wiesbaden, Erneuerung Tonregien<\/span> weiterlesen<\/a><\/p>\n","protected":false},"author":1,"featured_media":0,"parent":0,"menu_order":0,"comment_status":"closed","ping_status":"closed","template":"","meta":[],"_links":{"self":[{"href":"https:\/\/avconsult-web.de\/index.php?rest_route=\/wp\/v2\/pages\/123"}],"collection":[{"href":"https:\/\/avconsult-web.de\/index.php?rest_route=\/wp\/v2\/pages"}],"about":[{"href":"https:\/\/avconsult-web.de\/index.php?rest_route=\/wp\/v2\/types\/page"}],"author":[{"embeddable":true,"href":"https:\/\/avconsult-web.de\/index.php?rest_route=\/wp\/v2\/users\/1"}],"replies":[{"embeddable":true,"href":"https:\/\/avconsult-web.de\/index.php?rest_route=%2Fwp%2Fv2%2Fcomments&post=123"}],"version-history":[{"count":1,"href":"https:\/\/avconsult-web.de\/index.php?rest_route=\/wp\/v2\/pages\/123\/revisions"}],"predecessor-version":[{"id":124,"href":"https:\/\/avconsult-web.de\/index.php?rest_route=\/wp\/v2\/pages\/123\/revisions\/124"}],"wp:attachment":[{"href":"https:\/\/avconsult-web.de\/index.php?rest_route=%2Fwp%2Fv2%2Fmedia&parent=123"}],"curies":[{"name":"wp","href":"https:\/\/api.w.org\/{rel}","templated":true}]}}