{"id":55,"date":"2016-11-06T17:09:32","date_gmt":"2016-11-06T17:09:32","guid":{"rendered":"http:\/\/avconsult-web.de\/?page_id=55"},"modified":"2016-11-06T17:09:32","modified_gmt":"2016-11-06T17:09:32","slug":"jugendstilfesthalle-landau-2","status":"publish","type":"page","link":"https:\/\/avconsult-web.de\/?page_id=55","title":{"rendered":"Jugendstilfesthalle Landau"},"content":{"rendered":"<p><img decoding=\"async\" loading=\"lazy\" class=\"alignnone  wp-image-14\" src=\"http:\/\/avconsult-web.de\/wp-content\/uploads\/2016\/11\/Landau_aussen1-300x192.jpg\" alt=\"landau_aussen1\" width=\"431\" height=\"276\" srcset=\"https:\/\/avconsult-web.de\/wp-content\/uploads\/2016\/11\/Landau_aussen1-300x192.jpg 300w, https:\/\/avconsult-web.de\/wp-content\/uploads\/2016\/11\/Landau_aussen1.jpg 399w\" sizes=\"(max-width: 431px) 100vw, 431px\" \/><\/p>\n<p>Jugendstil-Festhalle Landau, Generalsanierung<\/p>\n<p>Die Festhalle wurde in den Jahren 2000 und 2001 grundlegend saniert. Die neue ELA-Anlage basiert auf analoger Audiotechnik. Das neue 40-Kanal Mischpult (Mackie) ist \u00fcber ein Steckfeld (Ghielmetti) mit der Peripherie und den diversen Veranstaltungsst\u00e4tten (Gr. Saal, Kl. Saal, Konferenzr\u00e4ume etc.) verbunden. F\u00fcr den Kleinen Saal ist eine separate mobile Tonregie mit Zuspielger\u00e4ten und Drahtlos-Mikrofonen vorhanden. Zur Entzerrung der Beschallungsanlage (Meyer Sound) und f\u00fcr mobile Sonderanwendungen steht ein programmierbares digitales Verteilsystem (Soundweb) zur Verf\u00fcgung. Die Ruf\/Mith\u00f6ranlage erlaubt eine freie Programmierung der Rufkreise. Mit Hilfe des kompakten Inspizientenpults im B\u00fchnenbereich k\u00f6nnen auch gr\u00f6\u00dfere Theater-, Oper- und Musicalproduktionen abgewickelt werden.<\/p>\n<p>Leistungsphasen: M+W-Planung, Bau\u00fcberwachung<\/p>\n","protected":false},"excerpt":{"rendered":"<p>Jugendstil-Festhalle Landau, Generalsanierung Die Festhalle wurde in den Jahren 2000 und 2001 grundlegend saniert. Die neue ELA-Anlage basiert auf analoger Audiotechnik. Das neue 40-Kanal Mischpult (Mackie) ist \u00fcber ein Steckfeld (Ghielmetti) mit der Peripherie und den diversen Veranstaltungsst\u00e4tten (Gr. Saal, Kl. Saal, Konferenzr\u00e4ume etc.) verbunden. F\u00fcr den Kleinen Saal ist eine separate mobile Tonregie mit &hellip; <a href=\"https:\/\/avconsult-web.de\/?page_id=55\" class=\"more-link\"><span class=\"screen-reader-text\">Jugendstilfesthalle Landau<\/span> weiterlesen<\/a><\/p>\n","protected":false},"author":1,"featured_media":0,"parent":0,"menu_order":0,"comment_status":"closed","ping_status":"closed","template":"","meta":[],"_links":{"self":[{"href":"https:\/\/avconsult-web.de\/index.php?rest_route=\/wp\/v2\/pages\/55"}],"collection":[{"href":"https:\/\/avconsult-web.de\/index.php?rest_route=\/wp\/v2\/pages"}],"about":[{"href":"https:\/\/avconsult-web.de\/index.php?rest_route=\/wp\/v2\/types\/page"}],"author":[{"embeddable":true,"href":"https:\/\/avconsult-web.de\/index.php?rest_route=\/wp\/v2\/users\/1"}],"replies":[{"embeddable":true,"href":"https:\/\/avconsult-web.de\/index.php?rest_route=%2Fwp%2Fv2%2Fcomments&post=55"}],"version-history":[{"count":1,"href":"https:\/\/avconsult-web.de\/index.php?rest_route=\/wp\/v2\/pages\/55\/revisions"}],"predecessor-version":[{"id":56,"href":"https:\/\/avconsult-web.de\/index.php?rest_route=\/wp\/v2\/pages\/55\/revisions\/56"}],"wp:attachment":[{"href":"https:\/\/avconsult-web.de\/index.php?rest_route=%2Fwp%2Fv2%2Fmedia&parent=55"}],"curies":[{"name":"wp","href":"https:\/\/api.w.org\/{rel}","templated":true}]}}