{"id":66,"date":"2016-11-06T17:15:52","date_gmt":"2016-11-06T17:15:52","guid":{"rendered":"http:\/\/avconsult-web.de\/?page_id=66"},"modified":"2016-11-06T20:44:19","modified_gmt":"2016-11-06T20:44:19","slug":"staatstheater-wiesbaden-produktionsstudio","status":"publish","type":"page","link":"https:\/\/avconsult-web.de\/?page_id=66","title":{"rendered":"Staatstheater Wiesbaden, Produktionsstudio"},"content":{"rendered":"<p><img decoding=\"async\" loading=\"lazy\" class=\"alignnone wp-image-67\" src=\"http:\/\/avconsult-web.de\/wp-content\/uploads\/2016\/11\/Wiesbaden-Studio1-300x225.jpg\" alt=\"wiesbaden-studio1\" width=\"459\" height=\"344\" srcset=\"https:\/\/avconsult-web.de\/wp-content\/uploads\/2016\/11\/Wiesbaden-Studio1-300x225.jpg 300w, https:\/\/avconsult-web.de\/wp-content\/uploads\/2016\/11\/Wiesbaden-Studio1-768x576.jpg 768w, https:\/\/avconsult-web.de\/wp-content\/uploads\/2016\/11\/Wiesbaden-Studio1-1024x768.jpg 1024w, https:\/\/avconsult-web.de\/wp-content\/uploads\/2016\/11\/Wiesbaden-Studio1.jpg 2048w\" sizes=\"(max-width: 459px) 100vw, 459px\" \/><\/p>\n<p>Staatstheater Wiesbaden, Produktionsstudio<\/p>\n<p>Die komplette Technik wurde 2005 erneuert und konzeptionell auf den fortgeschrittensten Stand der aktuellen Technik gebracht.<\/p>\n<p>Dazu geh\u00f6rt ein Nexus-System zur Aufbereitung und Verteilung der Audiosignale &#8211; \u00fcber MADI k\u00f6nnen alle Regien und das Studio miteinander Signale austauschen.<\/p>\n<p>Das digitale Mischpult Soundtracs DS00 bietet 128 Kan\u00e4le, dynamische Automation, Maschinensteuerung und ist \u00fcber MADI in das System integriert.<\/p>\n<p>Auch die Audio-Workstations sind mit MADI-Interfacekarten ausgestattet und erlauben somit 64-Spur-Aufnahmen. Die Abh\u00f6reinrichtungen sind in Surround ausgef\u00fchrt und ein umfangreiches Paket an Peripherie- und Effektger\u00e4ten sowie Plug-Ins l\u00e4sst keine W\u00fcnsche offen.<\/p>\n<p>Ein weiterer Schwerpunkt der Anlage ist ein Serversystem, das insgesamt ca. 4 TB Festplattenspeicher bietet mit einer entsprechenden Backupeinrichtung. Die Vernetzung ist im ganzen Audiobereich als Gigabit-Ethernet ausgef\u00fchrt.<\/p>\n<p>Leistungsphasen: Planung, Ausschreibung, Vergabe, Bau\u00fcberwachung<\/p>\n","protected":false},"excerpt":{"rendered":"<p>Staatstheater Wiesbaden, Produktionsstudio Die komplette Technik wurde 2005 erneuert und konzeptionell auf den fortgeschrittensten Stand der aktuellen Technik gebracht. Dazu geh\u00f6rt ein Nexus-System zur Aufbereitung und Verteilung der Audiosignale &#8211; \u00fcber MADI k\u00f6nnen alle Regien und das Studio miteinander Signale austauschen. Das digitale Mischpult Soundtracs DS00 bietet 128 Kan\u00e4le, dynamische Automation, Maschinensteuerung und ist \u00fcber &hellip; <a href=\"https:\/\/avconsult-web.de\/?page_id=66\" class=\"more-link\"><span class=\"screen-reader-text\">Staatstheater Wiesbaden, Produktionsstudio<\/span> weiterlesen<\/a><\/p>\n","protected":false},"author":1,"featured_media":0,"parent":0,"menu_order":0,"comment_status":"closed","ping_status":"closed","template":"","meta":[],"_links":{"self":[{"href":"https:\/\/avconsult-web.de\/index.php?rest_route=\/wp\/v2\/pages\/66"}],"collection":[{"href":"https:\/\/avconsult-web.de\/index.php?rest_route=\/wp\/v2\/pages"}],"about":[{"href":"https:\/\/avconsult-web.de\/index.php?rest_route=\/wp\/v2\/types\/page"}],"author":[{"embeddable":true,"href":"https:\/\/avconsult-web.de\/index.php?rest_route=\/wp\/v2\/users\/1"}],"replies":[{"embeddable":true,"href":"https:\/\/avconsult-web.de\/index.php?rest_route=%2Fwp%2Fv2%2Fcomments&post=66"}],"version-history":[{"count":2,"href":"https:\/\/avconsult-web.de\/index.php?rest_route=\/wp\/v2\/pages\/66\/revisions"}],"predecessor-version":[{"id":163,"href":"https:\/\/avconsult-web.de\/index.php?rest_route=\/wp\/v2\/pages\/66\/revisions\/163"}],"wp:attachment":[{"href":"https:\/\/avconsult-web.de\/index.php?rest_route=%2Fwp%2Fv2%2Fmedia&parent=66"}],"curies":[{"name":"wp","href":"https:\/\/api.w.org\/{rel}","templated":true}]}}