{"id":75,"date":"2016-11-06T17:19:49","date_gmt":"2016-11-06T17:19:49","guid":{"rendered":"http:\/\/avconsult-web.de\/?page_id=75"},"modified":"2016-11-06T20:34:32","modified_gmt":"2016-11-06T20:34:32","slug":"staatstheater-wiesbaden-videoanlage","status":"publish","type":"page","link":"https:\/\/avconsult-web.de\/?page_id=75","title":{"rendered":"Staatstheater Wiesbaden, Videoanlage"},"content":{"rendered":"<p>Staatstheater Wiesbaden, Videoanlage<\/p>\n<p>Im Hessischen Staatstheater Wiesbaden wurde in den Jahren 2006 bis 2010 eine Videoanlage f\u00fcr k\u00fcnstlerische Zwecke stufenweise realisiert. AV consult hat das Gesamtkonzept erarbeitet. In einem ersten Schritt wurde die Infrastruktur eingerichtet. Dies beinhaltet die bauliche Einrichtung von Regie- und Produktionsr\u00e4umen sowie die Verkabelung. Um die Flexibilit\u00e4t m\u00f6glichst gro\u00df zu halten, wurden sowohl Video- als auch Daten- und Glasfaserkabel installiert. Alle Spielst\u00e4tten sind mit einem zentralen Serverraum und dem Produktionsraum vernetzt.<\/p>\n<p>Im zweiten Schritt wurden Anlagen f\u00fcr die Zuspielung und Bearbeitung von HD-Videomaterial beschafft. Dazu geh\u00f6ren Medienserver sowie leistungsf\u00e4hige Bearbeitungspl\u00e4tze im Produktionsraum.<\/p>\n<p>Leistungsumfang: Planung, Ausschreibung, Vergabe, Bau\u00fcberwachung<\/p>\n","protected":false},"excerpt":{"rendered":"<p>Staatstheater Wiesbaden, Videoanlage Im Hessischen Staatstheater Wiesbaden wurde in den Jahren 2006 bis 2010 eine Videoanlage f\u00fcr k\u00fcnstlerische Zwecke stufenweise realisiert. AV consult hat das Gesamtkonzept erarbeitet. In einem ersten Schritt wurde die Infrastruktur eingerichtet. Dies beinhaltet die bauliche Einrichtung von Regie- und Produktionsr\u00e4umen sowie die Verkabelung. Um die Flexibilit\u00e4t m\u00f6glichst gro\u00df zu halten, wurden &hellip; <a href=\"https:\/\/avconsult-web.de\/?page_id=75\" class=\"more-link\"><span class=\"screen-reader-text\">Staatstheater Wiesbaden, Videoanlage<\/span> weiterlesen<\/a><\/p>\n","protected":false},"author":1,"featured_media":0,"parent":0,"menu_order":0,"comment_status":"closed","ping_status":"closed","template":"","meta":[],"_links":{"self":[{"href":"https:\/\/avconsult-web.de\/index.php?rest_route=\/wp\/v2\/pages\/75"}],"collection":[{"href":"https:\/\/avconsult-web.de\/index.php?rest_route=\/wp\/v2\/pages"}],"about":[{"href":"https:\/\/avconsult-web.de\/index.php?rest_route=\/wp\/v2\/types\/page"}],"author":[{"embeddable":true,"href":"https:\/\/avconsult-web.de\/index.php?rest_route=\/wp\/v2\/users\/1"}],"replies":[{"embeddable":true,"href":"https:\/\/avconsult-web.de\/index.php?rest_route=%2Fwp%2Fv2%2Fcomments&post=75"}],"version-history":[{"count":3,"href":"https:\/\/avconsult-web.de\/index.php?rest_route=\/wp\/v2\/pages\/75\/revisions"}],"predecessor-version":[{"id":155,"href":"https:\/\/avconsult-web.de\/index.php?rest_route=\/wp\/v2\/pages\/75\/revisions\/155"}],"wp:attachment":[{"href":"https:\/\/avconsult-web.de\/index.php?rest_route=%2Fwp%2Fv2%2Fmedia&parent=75"}],"curies":[{"name":"wp","href":"https:\/\/api.w.org\/{rel}","templated":true}]}}